when 173 is divided by g?
13
Let d be (-280)/(-3)*(-3)/(-2). Suppose d = 4*f - 3*h, 0 = -3*h - 12. Calculate the remainder when ((-326 - -6)/5 - -1)*-1 is divided by f.
31
Let f(m) = 25*m - 329. Calculate the remainder when f(20) is divided by 29.
26
Let f(b) = -b**3 - b**2 + 4*b + 4. Let d(j) = 1 - 50*j + 57*j - 2. What is the remainder when f(-4) is divided by d(2)?
10
Let u(t) = -15*t - 102. Calculate the remainder when 935 is divided by u(-8).
17
Suppose 0 = -m - 4*t + 78 + 6, 0 = 5*m + 2*t - 492. Calculate the remainder when m is divided by 61.
39
Let k be 2*(-2 + 18/4). Suppose 0 = -4*x + 3*g + 391, 2*g - 7*g = 2*x - 215. Suppose k*z = -15 + x. Calculate the remainder when z is divided by 9.
8
Let n(u) = -u**2 - 16*u - 12. Let g be n(-15). Suppose 2*q - 3*y = 147, 4*y - y = -g*q + 258. What is the remainder when q is divided by 21?
18
Suppose 13*r - 25 = 8*r. Suppose -4*a = -2*w + 54, 0*a = r*a - 20. Calculate the remainder when w is divided by 14.
7
Let k = -324 - -394. Calculate the remainder when 201 is divided by k.
61
Suppose 4*h = 545 + 335. Calculate the remainder when h is divided by 16.
12
Suppose -3*w = -4*a - 23, -w + 29 = 4*a - 0*a. Calculate the remainder when 63 is divided by w.
11
Suppose 4*t = -0*w - w + 79, 0 = -4*t + 2*w + 70. Calculate the remainder when t is divided by 12.
7
Let p = 22 - 18. Suppose -p*w + 15 = -13. Calculate the remainder when w is divided by 5.
2
Suppose p - 4*y + 7 = 0, 72 = -p + 5*p + 4*y. What is the remainder when p is divided by 8?
5
Let d be ((-129)/(-6 - -3))/(-1). Let n = d - -101. Calculate the remainder when n is divided by 30.
28
Suppose 0*v + 4*v = 244. Let s be (-9 - -5) + -3 + v. Suppose -m + 4*m = s. What is the remainder when 70 is divided by m?
16
Let o(v) = 46*v + 23. Let j be o(7). Suppose -117 = 12*i - j. What is the remainder when 37 is divided by i?
18
Let k(c) = 3*c + 1. Calculate the remainder when k(6) is divided by 3*(-77)/14*(-6)/9.
8
Suppose -72*s + 71*s + 686 = 0. Calculate the remainder when s is divided by 13.
10
Let u = 78 - 69. What is the remainder when 690/8 + (-3)/12 is divided by u?
5
Suppose -4*l - 149 = -3*b, -4*b - l + 172 = -52. What is the remainder when 328 is divided by b?
53
Suppose 11*m = 31 + 2. Suppose -t = m - 15. Calculate the remainder when 21 is divided by t.
9
Let j = -76 - -109. Let t(w) = 2*w**2 - w + 29. What is the remainder when t(-4) is divided by j?
32
Let w = 504 + -388. Calculate the remainder when w is divided by 11.
6
Suppose 0 = 2*a - 0*a + 74. Let q = a - -96. What is the remainder when q is divided by 16?
11
Let o(c) = -c**2 - 5*c + 8. Let f be o(5). Calculate the remainder when 1*(36 - -2) + -2 is divided by 182/f*(1 - 4).
10
Let f = -87 - -135. Let k = 7 + f. What is the remainder when k is divided by (3/2)/((-3)/(-28))?
13
Let h(r) = -3*r**2 + 7*r**2 + r**3 + r - 3*r - r. Let u be h(-4). Suppose -3*k - 3*m = -24 - u, 4*k - m = 58. Calculate the remainder when 26 is divided by k.
12
Suppose 0 = 7*o - 13*o + 66. Suppose 5*m = -g + 22 - 0, 4*g + 2*m - 34 = 0. What is the remainder when o is divided by g?
4
Let j = 49 + -34. Let b(z) be the second derivative of 3*z**3 - 7*z**2/2 - 24*z. Calculate the remainder when b(2) is divided by j.
14
Let c = 3 + 4. Let y = 7 + -6. What is the remainder when c is divided by 14/3 - y/(-3)?
2
Let l = 253 + -229. Calculate the remainder when l is divided by 13.
11
Suppose 0*b + 5*b = -3*x + 224, -2*b - 82 = -x. Let u = 21 - 18. What is the remainder when x is divided by 2*u*10/3?
18
Let g = 100 - 58. Suppose 4*c - g = 2*c. Calculate the remainder when 77 is divided by -2 + (c - (-1)/1).
17
Let s(a) = -a - 8. Let m be s(-12). Suppose 0 = m*w + 5*o - 2*o - 29, -5*w + 3*o + 43 = 0. Calculate the remainder when w is divided by 3.
2
Suppose -4*n - r = n - 361, 2*r + 286 = 4*n. Calculate the remainder when 572 is divided by n.
68
Let j be (-6 + 15)/(1 - 0). Let c = j - -2. What is the remainder when 31 is divided by c?
9
Suppose -7*y + y = -30. Suppose 2*p - 94 = -m + 31, 0 = -y*p + 3*m + 307. What is the remainder when p is divided by 23?
16
Suppose -3*n - 2*q = -62, -3*q = -56*n + 51*n + 135. Calculate the remainder when 69 is divided by n.
21
Let d = -1816 - -1889. What is the remainder when 582 is divided by d?
71
Suppose 0 = 18*t - 124 - 308. What is the remainder when t is divided by 13?
11
Let t = 66 - 67. Let q(i) = -13*i**3 - i**2 - 3*i - 2. Let b = 67 + -18. Calculate the remainder when b is divided by q(t).
10
Let f(s) = -s**3 + 9*s**2 - 5. Let u(k) = 3*k - 5. Suppose 4*j - 13 - 3 = 0. Let c be u(j). What is the remainder when f(c) is divided by 24?
21
Let m(t) = -17*t - 2. Let u be m(17). Let x be (-1 - 1)/(3/(-9)). Calculate the remainder when u/(-9) + 4/x is divided by 18.
15
Let q(l) = -l**3 - 8*l**2 - 8*l - 3. Let w be q(-7). Calculate the remainder when 30 is divided by w/2 + (-117)/(-13).
8
Let a(z) = 1 + 5*z - 6*z - 12. Let m be a(-11). Suppose -w = -2*t + 104, 5*t - 2*t - 3*w - 153 = m. Calculate the remainder when t is divided by 18.
17
Let a = -20 + 59. Suppose -5*m + 64 - 4 = 0. Suppose -5*h - m = -3*l + 15, 5*l - h - 67 = 0. What is the remainder when a is divided by l?
11
Suppose -d + 5 + 0 = 0, -2*a + d = 5. Let o be a/(-1) - (-21)/7. Suppose w + o*s - 28 = 0, 2*w = -w - 4*s + 59. What is the remainder when w is divided by 8?
5
Suppose 4*b = -3*c + 3*b, -5*c - 4 = 3*b. Let k(p) = 12*p**2 + p - 1. What is the remainder when -9 + 1 + (2 - -51) is divided by k(c)?
9
Suppose 18*y - 520 = -106. What is the remainder when y is divided by 17?
6
Suppose y + 2*y - 4*s - 53 = 0, -3*s - 4 = y. Calculate the remainder when 197 is divided by y.
10
Suppose -20*g + 44*g - 8328 = 0. What is the remainder when g is divided by 12?
11
Let t(u) = 3*u - 24. What is the remainder when 19 is divided by t(13)?
4
Suppose 3*t + t = 3*s + 57, -5*t - 5*s = -80. What is the remainder when t is divided by 5?
0
Let c(f) = 100*f**3 + f**2 - f - 1. Suppose 0 = -5*o + 4*w - 4 - 3, -4*o - 5*w + 19 = 0. Calculate the remainder when c(o) is divided by 25.
24
Let d = 40 - 20. Let x(l) = 4*l + 5. Let o be x(0). Suppose 6*t = o*t + d. Calculate the remainder when 79 is divided by t.
19
Let j(h) = h**2 + 10*h + 18. Let w be j(-6). What is the remainder when (-16)/w*315/28 is divided by 16?
14
Suppose 830 = -0*f + 5*f. Suppose 2*s = f + 104. What is the remainder when 23 is divided by s/(-18)*8/(-10)?
5
Suppose -2*d + 3*u + 98 = 0, -4*d + u + 4*u + 194 = 0. What is the remainder when d is divided by 10?
6
Let h = 1 - 77. Let v = h + 163. Calculate the remainder when v is divided by 45.
42
Suppose a = 3 - 7. Let p be (9 + a)/1*1. Suppose p*y - 188 - 62 = 0. Calculate the remainder when y is divided by 17.
16
Let u be (-824)/(-18) + 24/108. Let l = -29 + u. Calculate the remainder when 31 is divided by l.
14
Suppose -52*w + 55*w = 12. Suppose 0*r + 24 = w*r. Suppose -i = -4*i + 51. Calculate the remainder when i is divided by r.
5
Calculate the remainder when (-2 - (-14)/4)*(-5572)/(-42) is divided by 26.
17
Let l = 120 + -79. Calculate the remainder when ((-14)/(-35))/(3/1515) is divided by l.
38
Suppose 0 = 29*q - 30*q + 16. Suppose 278 = 5*g - 5*b - 197, 473 = 5*g - 3*b. What is the remainder when g is divided by q?
14
What is the remainder when 265 is divided by (-63)/(-18)*(-3)/(6/(-8))?
13
Let p = 281 - 57. What is the remainder when p is divided by 19?
15
Suppose -2*z - 3*m = 0, 2*z = -3*z - 3*m + 9. Suppose -3*k + 166 = -2*i, -4*i - 136 = -z*k - 8*i. What is the remainder when 206 is divided by k?
50
Let a = 88 - 30. Suppose a + 10 = 4*n. Suppose 116 = 4*d - 3*i, 0*i + 88 = 3*d - 2*i. Calculate the remainder when d is divided by n.
15
Let a(j) = 2*j**2 - 9*j + 11. Let z be 35/(-14)*36/(-15). Let h = -8 + 18. Calculate the remainder when a(z) is divided by h.
9
Suppose n - 68 = -50. What is the remainder when 321 is divided by n?
15
Let j(m) = 10*m + 3. Let w(d) = d + 1. Let z(c) = -j(c) + 2*w(c). What is the remainder when z(-9) is divided by 9?
8
What is the remainder when 152 is divided by (-5 - (-160)/15*3) + -1?
22
Let s(p) = -p**2 + 9*p - 14. Let u be s(6). Suppose -u*b + 2*b + 2*n = -10, -2*b + 5*n = -7. Calculate the remainder when 14 is divided by b.
2
Let y(j) = 2*j - 27. Let n be y(7). What is the re